Dec 01 21:58:30.164 INFO testing centosadmin/myslowparser against master#8940af3cea4a9a9deabcaf843b2f8cad9a83fc61 for beta-1.31-5
Dec 01 21:58:30.164 INFO running `"docker" "create" "-v" "/mnt/big/crater/work/local/target-dirs/beta-1.31-5/worker-2/master#8940af3cea4a9a9deabcaf843b2f8cad9a83fc61:/target:rw,Z" "-v" "/mnt/big/crater/work/local/test-source/worker-2/beta-1.31-5/master#8940af3cea4a9a9deabcaf843b2f8cad9a83fc61:/source:ro,Z" "-v" "/mnt/big/crater/work/local/cargo-home:/cargo-home:ro,Z" "-v" "/mnt/big/crater/work/local/rustup-home:/rustup-home:ro,Z" "-e" "USER_ID=1000" "-e" "SOURCE_DIR=/source" "-e" "USER_ID=1000" "-e" "CMD=cargo +8940af3cea4a9a9deabcaf843b2f8cad9a83fc61-alt build --frozen" "-e" "CARGO_TARGET_DIR=/target" "-e" "CARGO_INCREMENTAL=0" "-e" "RUST_BACKTRACE=full" "-e" "RUSTFLAGS=--cap-lints=warn" "-e" "CARGO_HOME=/cargo-home" "-e" "RUSTUP_HOME=/rustup-home" "-m" "1536M" "--network" "none" "crater"`
Dec 01 21:58:30.696 INFO [stdout] faacbb7008e464174c5166df9522ee8b9a5f6b0d4c9463eb603dcadc93754a19
Dec 01 21:58:30.698 INFO running `"docker" "start" "-a" "faacbb7008e464174c5166df9522ee8b9a5f6b0d4c9463eb603dcadc93754a19"`
Dec 01 21:58:32.171 INFO [stderr] usermod: no changes
Dec 01 21:58:32.447 INFO [stderr]    Compiling isatty v0.1.8
Dec 01 21:58:32.463 INFO [stderr]    Compiling pear_codegen v0.0.20
Dec 01 21:58:32.463 INFO [stderr]    Compiling rocket v0.3.16
Dec 01 21:58:32.463 INFO [stderr]    Compiling rocket_codegen v0.3.16
Dec 01 21:58:32.463 INFO [stderr]    Compiling toml v0.4.6
Dec 01 21:58:32.463 INFO [stderr]    Compiling ring v0.11.0
Dec 01 21:58:32.971 INFO [stderr] error: failed to run custom build command for `rocket v0.3.16`
Dec 01 21:58:32.971 INFO [stderr] process didn't exit successfully: `/target/debug/build/rocket-e8632d5f710e389a/build-script-build` (exit code: 101)
Dec 01 21:58:32.971 INFO [stderr] --- stderr
Dec 01 21:58:32.971 INFO [stderr] [1;31mError:[0m [37mRocket requires a nightly or dev version of Rust.[0m
Dec 01 21:58:32.971 INFO [stderr] [37mInstalled version is:[0m [33m1.31.0-beta.20 (2018-11-30)[0m. [37mMinimum required:[0m [33m1.27.0-nightly (2018-04-26)[0m.
Dec 01 21:58:32.971 INFO [stderr] [34mSee the getting started guide ([0m[37mhttps://rocket.rs/guide/getting-started/[0m[34m) for more information.[0m
Dec 01 21:58:32.971 INFO [stderr] thread 'main' panicked at 'Aborting compilation due to incompatible compiler.', /cargo-home/registry/src/github.com-1ecc6299db9ec823/rocket-0.3.16/build.rs:38:13
Dec 01 21:58:32.971 INFO [stderr] stack backtrace:
Dec 01 21:58:32.971 INFO [stderr]    0:     0x56164353c33f - std::sys::unix::backtrace::tracing::imp::unwind_backtrace::h3a8b83e1922cbdde
Dec 01 21:58:32.971 INFO [stderr]                                at libstd/sys/unix/backtrace/tracing/gcc_s.rs:49
Dec 01 21:58:32.971 INFO [stderr]    1:     0x561643547d17 - std::sys_common::backtrace::print::h00d3155a29b4020f
Dec 01 21:58:32.971 INFO [stderr]                                at libstd/sys_common/backtrace.rs:71
Dec 01 21:58:32.971 INFO [stderr]                                at libstd/sys_common/backtrace.rs:59
Dec 01 21:58:32.971 INFO [stderr]    2:     0x561643540bdf - std::panicking::default_hook::{{closure}}::hd7465c742e79e1bb
Dec 01 21:58:32.971 INFO [stderr]                                at libstd/panicking.rs:211
Dec 01 21:58:32.971 INFO [stderr]    3:     0x561643540944 - std::panicking::default_hook::h9e3966f2aa2a6e12
Dec 01 21:58:32.971 INFO [stderr]                                at libstd/panicking.rs:227
Dec 01 21:58:32.971 INFO [stderr]    4:     0x56164354120e - std::panicking::rust_panic_with_hook::h587f091ae747d080
Dec 01 21:58:32.971 INFO [stderr]                                at libstd/panicking.rs:476
Dec 01 21:58:32.971 INFO [stderr]    5:     0x561643513ac3 - std::panicking::begin_panic::h185025b8b4804e9b
Dec 01 21:58:32.971 INFO [stderr]                                at libstd/panicking.rs:410
Dec 01 21:58:32.971 INFO [stderr]    6:     0x561643511b85 - build_script_build::main::h4284e4a3a8df7e1b
Dec 01 21:58:32.971 INFO [stderr]                                at /cargo-home/registry/src/github.com-1ecc6299db9ec823/rocket-0.3.16/build.rs:38
Dec 01 21:58:32.971 INFO [stderr]    7:     0x5616435143af - std::rt::lang_start::{{closure}}::ha0df32a52ba7057e
Dec 01 21:58:32.971 INFO [stderr]                                at libstd/rt.rs:74
Dec 01 21:58:32.971 INFO [stderr]    8:     0x561643540c82 - std::panicking::try::do_call::h52e7f80ff0fdcc45
Dec 01 21:58:32.971 INFO [stderr]                                at libstd/rt.rs:59
Dec 01 21:58:32.971 INFO [stderr]                                at libstd/panicking.rs:310
Dec 01 21:58:32.971 INFO [stderr]    9:     0x561643552cc9 - __rust_maybe_catch_panic
Dec 01 21:58:32.971 INFO [stderr]                                at libpanic_unwind/lib.rs:102
Dec 01 21:58:32.971 INFO [stderr]   10:     0x56164353099a - std::rt::lang_start_internal::h38cae898de7f805c
Dec 01 21:58:32.971 INFO [stderr]                                at libstd/panicking.rs:289
Dec 01 21:58:32.971 INFO [stderr]                                at libstd/panic.rs:392
Dec 01 21:58:32.971 INFO [stderr]                                at libstd/rt.rs:58
Dec 01 21:58:32.971 INFO [stderr]   11:     0x561643514388 - std::rt::lang_start::h3f68170055a70037
Dec 01 21:58:32.971 INFO [stderr]                                at libstd/rt.rs:74
Dec 01 21:58:32.971 INFO [stderr]   12:     0x561643512a59 - main
Dec 01 21:58:32.971 INFO [stderr]   13:     0x7fa4e012e82f - __libc_start_main
Dec 01 21:58:32.971 INFO [stderr]   14:     0x561643511228 - _start
Dec 01 21:58:32.971 INFO [stderr]   15:                0x0 - <unknown>
Dec 01 21:58:32.971 INFO [stderr] 
Dec 01 21:58:32.971 INFO [stderr] warning: build failed, waiting for other jobs to finish...
Dec 01 21:58:33.123 INFO [stderr] error: failed to run custom build command for `rocket_codegen v0.3.16`
Dec 01 21:58:33.123 INFO [stderr] process didn't exit successfully: `/target/debug/build/rocket_codegen-4a5b65214453c03c/build-script-build` (exit code: 101)
Dec 01 21:58:33.123 INFO [stderr] --- stderr
Dec 01 21:58:33.123 INFO [stderr] [1;31mError:[0m [37mRocket requires a nightly or dev version of Rust.[0m
Dec 01 21:58:33.123 INFO [stderr] [37mInstalled version is:[0m [33m1.31.0-beta.20 (2018-11-30)[0m. [37mMinimum required:[0m [33m1.30.0-nightly (2018-08-23)[0m.
Dec 01 21:58:33.123 INFO [stderr] [34mSee the getting started guide ([0m[37mhttps://rocket.rs/guide/getting-started/[0m[34m) for more information.[0m
Dec 01 21:58:33.123 INFO [stderr] thread 'main' panicked at 'Aborting compilation due to incompatible compiler.', /cargo-home/registry/src/github.com-1ecc6299db9ec823/rocket_codegen-0.3.16/build.rs:38:17
Dec 01 21:58:33.123 INFO [stderr] stack backtrace:
Dec 01 21:58:33.123 INFO [stderr]    0:     0x559cc361832f - std::sys::unix::backtrace::tracing::imp::unwind_backtrace::h3a8b83e1922cbdde
Dec 01 21:58:33.123 INFO [stderr]                                at libstd/sys/unix/backtrace/tracing/gcc_s.rs:49
Dec 01 21:58:33.123 INFO [stderr]    1:     0x559cc3623d07 - std::sys_common::backtrace::print::h00d3155a29b4020f
Dec 01 21:58:33.123 INFO [stderr]                                at libstd/sys_common/backtrace.rs:71
Dec 01 21:58:33.123 INFO [stderr]                                at libstd/sys_common/backtrace.rs:59
Dec 01 21:58:33.123 INFO [stderr]    2:     0x559cc361cbcf - std::panicking::default_hook::{{closure}}::hd7465c742e79e1bb
Dec 01 21:58:33.123 INFO [stderr]                                at libstd/panicking.rs:211
Dec 01 21:58:33.123 INFO [stderr]    3:     0x559cc361c934 - std::panicking::default_hook::h9e3966f2aa2a6e12
Dec 01 21:58:33.123 INFO [stderr]                                at libstd/panicking.rs:227
Dec 01 21:58:33.123 INFO [stderr]    4:     0x559cc361d1fe - std::panicking::rust_panic_with_hook::h587f091ae747d080
Dec 01 21:58:33.123 INFO [stderr]                                at libstd/panicking.rs:476
Dec 01 21:58:33.123 INFO [stderr]    5:     0x559cc35efab3 - std::panicking::begin_panic::h637cf6c246413594
Dec 01 21:58:33.123 INFO [stderr]                                at libstd/panicking.rs:410
Dec 01 21:58:33.123 INFO [stderr]    6:     0x559cc35edb84 - build_script_build::main::h2c72fd58a9234470
Dec 01 21:58:33.123 INFO [stderr]                                at /cargo-home/registry/src/github.com-1ecc6299db9ec823/rocket_codegen-0.3.16/build.rs:38
Dec 01 21:58:33.123 INFO [stderr]    7:     0x559cc35f039f - std::rt::lang_start::{{closure}}::hfe557982ab535bc0
Dec 01 21:58:33.123 INFO [stderr]                                at libstd/rt.rs:74
Dec 01 21:58:33.123 INFO [stderr]    8:     0x559cc361cc72 - std::panicking::try::do_call::h52e7f80ff0fdcc45
Dec 01 21:58:33.123 INFO [stderr]                                at libstd/rt.rs:59
Dec 01 21:58:33.123 INFO [stderr]                                at libstd/panicking.rs:310
Dec 01 21:58:33.123 INFO [stderr]    9:     0x559cc362ecb9 - __rust_maybe_catch_panic
Dec 01 21:58:33.123 INFO [stderr]                                at libpanic_unwind/lib.rs:102
Dec 01 21:58:33.123 INFO [stderr]   10:     0x559cc360c98a - std::rt::lang_start_internal::h38cae898de7f805c
Dec 01 21:58:33.123 INFO [stderr]                                at libstd/panicking.rs:289
Dec 01 21:58:33.123 INFO [stderr]                                at libstd/panic.rs:392
Dec 01 21:58:33.123 INFO [stderr]                                at libstd/rt.rs:58
Dec 01 21:58:33.123 INFO [stderr]   11:     0x559cc35f0378 - std::rt::lang_start::h04f69d23836a7815
Dec 01 21:58:33.123 INFO [stderr]                                at libstd/rt.rs:74
Dec 01 21:58:33.123 INFO [stderr]   12:     0x559cc35eea49 - main
Dec 01 21:58:33.123 INFO [stderr]   13:     0x7fa3cf68482f - __libc_start_main
Dec 01 21:58:33.123 INFO [stderr]   14:     0x559cc35ed228 - _start
Dec 01 21:58:33.123 INFO [stderr]   15:                0x0 - <unknown>
Dec 01 21:58:33.123 INFO [stderr] 
Dec 01 21:58:33.123 INFO [stderr] warning: build failed, waiting for other jobs to finish...
Dec 01 21:58:33.151 INFO [stderr] error: failed to run custom build command for `pear_codegen v0.0.20`
Dec 01 21:58:33.151 INFO [stderr] process didn't exit successfully: `/target/debug/build/pear_codegen-9ebbb5de437ff65a/build-script-build` (exit code: 101)
Dec 01 21:58:33.151 INFO [stderr] --- stderr
Dec 01 21:58:33.151 INFO [stderr] [1;31mError:[0m [37mPear requires a nightly or dev version of Rust.[0m
Dec 01 21:58:33.151 INFO [stderr] [37mInstalled version is:[0m [33m1.31.0-beta.20 (2018-11-30)[0m. [37mMinimum required:[0m [33m1.30.0-nightly (2018-08-23)[0m.
Dec 01 21:58:33.151 INFO [stderr] thread 'main' panicked at 'Aborting compilation due to incompatible compiler.', /cargo-home/registry/src/github.com-1ecc6299db9ec823/pear_codegen-0.0.20/build.rs:31:13
Dec 01 21:58:33.151 INFO [stderr] stack backtrace:
Dec 01 21:58:33.151 INFO [stderr]    0:     0x55771637c0ff - std::sys::unix::backtrace::tracing::imp::unwind_backtrace::h3a8b83e1922cbdde
Dec 01 21:58:33.151 INFO [stderr]                                at libstd/sys/unix/backtrace/tracing/gcc_s.rs:49
Dec 01 21:58:33.151 INFO [stderr]    1:     0x557716387ad7 - std::sys_common::backtrace::print::h00d3155a29b4020f
Dec 01 21:58:33.151 INFO [stderr]                                at libstd/sys_common/backtrace.rs:71
Dec 01 21:58:33.151 INFO [stderr]                                at libstd/sys_common/backtrace.rs:59
Dec 01 21:58:33.151 INFO [stderr]    2:     0x55771638099f - std::panicking::default_hook::{{closure}}::hd7465c742e79e1bb
Dec 01 21:58:33.151 INFO [stderr]                                at libstd/panicking.rs:211
Dec 01 21:58:33.151 INFO [stderr]    3:     0x557716380704 - std::panicking::default_hook::h9e3966f2aa2a6e12
Dec 01 21:58:33.151 INFO [stderr]                                at libstd/panicking.rs:227
Dec 01 21:58:33.151 INFO [stderr]    4:     0x557716380fce - std::panicking::rust_panic_with_hook::h587f091ae747d080
Dec 01 21:58:33.151 INFO [stderr]                                at libstd/panicking.rs:476
Dec 01 21:58:33.151 INFO [stderr]    5:     0x557716353883 - std::panicking::begin_panic::h03cdb516ffc5f784
Dec 01 21:58:33.151 INFO [stderr]                                at libstd/panicking.rs:410
Dec 01 21:58:33.151 INFO [stderr]    6:     0x557716351948 - build_script_build::main::h36944a4e267b7477
Dec 01 21:58:33.151 INFO [stderr]                                at /cargo-home/registry/src/github.com-1ecc6299db9ec823/pear_codegen-0.0.20/build.rs:31
Dec 01 21:58:33.151 INFO [stderr]    7:     0x55771635416f - std::rt::lang_start::{{closure}}::h5e49a6fd7616e446
Dec 01 21:58:33.151 INFO [stderr]                                at libstd/rt.rs:74
Dec 01 21:58:33.151 INFO [stderr]    8:     0x557716380a42 - std::panicking::try::do_call::h52e7f80ff0fdcc45
Dec 01 21:58:33.151 INFO [stderr]                                at libstd/rt.rs:59
Dec 01 21:58:33.151 INFO [stderr]                                at libstd/panicking.rs:310
Dec 01 21:58:33.151 INFO [stderr]    9:     0x557716392a89 - __rust_maybe_catch_panic
Dec 01 21:58:33.151 INFO [stderr]                                at libpanic_unwind/lib.rs:102
Dec 01 21:58:33.151 INFO [stderr]   10:     0x55771637075a - std::rt::lang_start_internal::h38cae898de7f805c
Dec 01 21:58:33.151 INFO [stderr]                                at libstd/panicking.rs:289
Dec 01 21:58:33.151 INFO [stderr]                                at libstd/panic.rs:392
Dec 01 21:58:33.151 INFO [stderr]                                at libstd/rt.rs:58
Dec 01 21:58:33.151 INFO [stderr]   11:     0x557716354148 - std::rt::lang_start::hf3588cfe9ea8870a
Dec 01 21:58:33.151 INFO [stderr]                                at libstd/rt.rs:74
Dec 01 21:58:33.151 INFO [stderr]   12:     0x557716352819 - main
Dec 01 21:58:33.151 INFO [stderr]   13:     0x7fad4ad0a82f - __libc_start_main
Dec 01 21:58:33.151 INFO [stderr]   14:     0x557716351228 - _start
Dec 01 21:58:33.151 INFO [stderr]   15:                0x0 - <unknown>
Dec 01 21:58:33.151 INFO [stderr] 
Dec 01 21:58:33.151 INFO [stderr] warning: build failed, waiting for other jobs to finish...
Dec 01 21:58:41.139 INFO [stderr] error: build failed
Dec 01 21:58:41.148 INFO [stderr] su: No module specific data is present
Dec 01 21:58:41.848 INFO running `"docker" "inspect" "faacbb7008e464174c5166df9522ee8b9a5f6b0d4c9463eb603dcadc93754a19"`
Dec 01 21:58:42.097 INFO running `"docker" "rm" "-f" "faacbb7008e464174c5166df9522ee8b9a5f6b0d4c9463eb603dcadc93754a19"`
Dec 01 21:58:42.331 INFO [stdout] faacbb7008e464174c5166df9522ee8b9a5f6b0d4c9463eb603dcadc93754a19
